{"id":516,"date":"2025-11-11T10:35:59","date_gmt":"2025-11-11T10:35:59","guid":{"rendered":"https:\/\/martyrsdelarevolution.com\/?page_id=516"},"modified":"2025-11-19T12:33:48","modified_gmt":"2025-11-19T12:33:48","slug":"adherer","status":"publish","type":"page","link":"https:\/\/martyrsdelarevolution.com\/index.php\/adherer\/","title":{"rendered":"Adh\u00e9rer"},"content":{"rendered":"\t\t<div data-elementor-type=\"wp-page\" data-elementor-id=\"516\" class=\"elementor elementor-516\">\n\t\t\t\t<div class=\"elementor-element elementor-element-ef1bda9 e-flex e-con-boxed e-con e-parent\" data-id=\"ef1bda9\" data-element_type=\"container\" data-e-type=\"container\">\n\t\t\t\t\t<div class=\"e-con-inner\">\n\t\t\t\t<div class=\"elementor-element elementor-element-94c786b elementor-widget elementor-widget-text-editor\" data-id=\"94c786b\" data-element_type=\"widget\" data-e-type=\"widget\" data-widget_type=\"text-editor.default\">\n\t\t\t\t\t\t\t\t\t<p><strong>L\u2019association Martyrs de la R\u00e9volution r\u00e9gie par la Loi de 1901 a pour objet :<\/strong><br \/>\u2022 D\u2019honorer la m\u00e9moire des victimes de la R\u00e9volution fran\u00e7aise, quelles que soient leurs convictions, et de perp\u00e9tuer leur souvenir par des c\u00e9r\u00e9monies, des conf\u00e9rences, des publications et des actions m\u00e9morielles.<br \/>\u2022 De rendre hommage aux martyrs de la foi catholique, notamment ceux qui ont souffert pour leur foi durant la R\u00e9volution fran\u00e7aise et les pers\u00e9cutions religieuses.<br \/>\u2022 De promouvoir la r\u00e9conciliation et la paix par la m\u00e9moire, l\u2019\u00e9tude historique et le dialogue.<br \/>\u2022 D\u2019organiser des \u00e9v\u00e9nements (comm\u00e9morations, expositions, p\u00e8lerinages, colloques) pour sensibiliser le public \u00e0 ces pages de l\u2019histoire.<br \/>\u2022 De soutenir toute initiative visant \u00e0 pr\u00e9server les lieux de m\u00e9moire li\u00e9s \u00e0 ces \u00e9v\u00e9nements.<br \/>L\u2019association agit dans un esprit de respect, de neutralit\u00e9 politique et de fraternit\u00e9.<\/p>\t\t\t\t\t\t\t\t<\/div>\n\t\t\t\t\t<\/div>\n\t\t\t\t<\/div>\n\t\t<div class=\"elementor-element elementor-element-d16bfed e-flex e-con-boxed e-con e-parent\" data-id=\"d16bfed\" data-element_type=\"container\" data-e-type=\"container\">\n\t\t\t\t\t<div class=\"e-con-inner\">\n\t\t\t\t<div class=\"elementor-element elementor-element-81ceb8f elementor-widget elementor-widget-text-editor\" data-id=\"81ceb8f\" data-element_type=\"widget\" data-e-type=\"widget\" data-widget_type=\"text-editor.default\">\n\t\t\t\t\t\t\t\t\t<p>Pour adh\u00e9rer \u00e0 l&rsquo;association ou faire un don, vous pouvez t\u00e9l\u00e9charger le <a href=\"https:\/\/martyrsdelarevolution.com\/wp-content\/uploads\/2025\/11\/Bulletin-dadhesion-Martyrs-de-la-Revolution-1.pdf\">Bulletin d&rsquo;adh\u00e9sion Martyrs de la R\u00e9volution<\/a><\/p>\t\t\t\t\t\t\t\t<\/div>\n\t\t\t\t\t<\/div>\n\t\t\t\t<\/div>\n\t\t\t\t<\/div>\n\t\t","protected":false},"excerpt":{"rendered":"<p>L\u2019association Martyrs de la R\u00e9volution r\u00e9gie par la Loi de 1901 a pour objet :\u2022 D\u2019honorer la m\u00e9moire des victimes de la R\u00e9volution fran\u00e7aise, quelles que soient leurs convictions, et de perp\u00e9tuer leur souvenir par des c\u00e9r\u00e9monies, des conf\u00e9rences, des publications et des actions m\u00e9morielles.\u2022 De rendre hommage aux martyrs de la foi catholique, notamment &hellip; <\/p>\n<p class=\"link-more\"><a href=\"https:\/\/martyrsdelarevolution.com\/index.php\/adherer\/\" class=\"more-link\">Lire la suite de<span class=\"screen-reader-text\">\u00ab\u00a0Adh\u00e9rer\u00a0\u00bb<\/span><\/a><\/p>\n","protected":false},"author":1,"featured_media":551,"parent":0,"menu_order":0,"comment_status":"closed","ping_status":"closed","template":"","meta":{"iawp_total_views":162,"inspiro_hide_title":false,"footnotes":""},"class_list":["post-516","page","type-page","status-publish","has-post-thumbnail","hentry"],"yoast_head":"<!-- This site is optimized with the Yoast SEO plugin v27.5 - https:\/\/yoast.com\/product\/yoast-seo-wordpress\/ -->\n<title>Adh\u00e9rer - Martyrs de la R\u00e9volution<\/title>\n<meta name=\"robots\" content=\"index, follow, max-snippet:-1, max-image-preview:large, max-video-preview:-1\" \/>\n<link rel=\"canonical\" href=\"https:\/\/martyrsdelarevolution.com\/index.php\/adherer\/\" \/>\n<meta property=\"og:locale\" content=\"fr_FR\" \/>\n<meta property=\"og:type\" content=\"article\" \/>\n<meta property=\"og:title\" content=\"Adh\u00e9rer - Martyrs de la R\u00e9volution\" \/>\n<meta property=\"og:description\" content=\"L\u2019association Martyrs de la R\u00e9volution r\u00e9gie par la Loi de 1901 a pour objet :\u2022 D\u2019honorer la m\u00e9moire des victimes de la R\u00e9volution fran\u00e7aise, quelles que soient leurs convictions, et de perp\u00e9tuer leur souvenir par des c\u00e9r\u00e9monies, des conf\u00e9rences, des publications et des actions m\u00e9morielles.\u2022 De rendre hommage aux martyrs de la foi catholique, notamment &hellip; Lire la suite de\u00ab\u00a0Adh\u00e9rer\u00a0\u00bb\" \/>\n<meta property=\"og:url\" content=\"https:\/\/martyrsdelarevolution.com\/index.php\/adherer\/\" \/>\n<meta property=\"og:site_name\" content=\"Martyrs de la R\u00e9volution\" \/>\n<meta property=\"article:modified_time\" content=\"2025-11-19T12:33:48+00:00\" \/>\n<meta property=\"og:image\" content=\"https:\/\/martyrsdelarevolution.com\/wp-content\/uploads\/2025\/11\/asso.jpg\" \/>\n\t<meta property=\"og:image:width\" content=\"1800\" \/>\n\t<meta property=\"og:image:height\" content=\"1200\" \/>\n\t<meta property=\"og:image:type\" content=\"image\/jpeg\" \/>\n<meta name=\"twitter:card\" content=\"summary_large_image\" \/>\n<meta name=\"twitter:label1\" content=\"Dur\u00e9e de lecture estim\u00e9e\" \/>\n\t<meta name=\"twitter:data1\" content=\"1 minute\" \/>\n<script type=\"application\/ld+json\" class=\"yoast-schema-graph\">{\"@context\":\"https:\\\/\\\/schema.org\",\"@graph\":[{\"@type\":\"WebPage\",\"@id\":\"https:\\\/\\\/martyrsdelarevolution.com\\\/index.php\\\/adherer\\\/\",\"url\":\"https:\\\/\\\/martyrsdelarevolution.com\\\/index.php\\\/adherer\\\/\",\"name\":\"Adh\u00e9rer - Martyrs de la R\u00e9volution\",\"isPartOf\":{\"@id\":\"https:\\\/\\\/martyrsdelarevolution.com\\\/#website\"},\"primaryImageOfPage\":{\"@id\":\"https:\\\/\\\/martyrsdelarevolution.com\\\/index.php\\\/adherer\\\/#primaryimage\"},\"image\":{\"@id\":\"https:\\\/\\\/martyrsdelarevolution.com\\\/index.php\\\/adherer\\\/#primaryimage\"},\"thumbnailUrl\":\"https:\\\/\\\/martyrsdelarevolution.com\\\/wp-content\\\/uploads\\\/2025\\\/11\\\/asso.jpg\",\"datePublished\":\"2025-11-11T10:35:59+00:00\",\"dateModified\":\"2025-11-19T12:33:48+00:00\",\"breadcrumb\":{\"@id\":\"https:\\\/\\\/martyrsdelarevolution.com\\\/index.php\\\/adherer\\\/#breadcrumb\"},\"inLanguage\":\"fr-FR\",\"potentialAction\":[{\"@type\":\"ReadAction\",\"target\":[\"https:\\\/\\\/martyrsdelarevolution.com\\\/index.php\\\/adherer\\\/\"]}]},{\"@type\":\"ImageObject\",\"inLanguage\":\"fr-FR\",\"@id\":\"https:\\\/\\\/martyrsdelarevolution.com\\\/index.php\\\/adherer\\\/#primaryimage\",\"url\":\"https:\\\/\\\/martyrsdelarevolution.com\\\/wp-content\\\/uploads\\\/2025\\\/11\\\/asso.jpg\",\"contentUrl\":\"https:\\\/\\\/martyrsdelarevolution.com\\\/wp-content\\\/uploads\\\/2025\\\/11\\\/asso.jpg\",\"width\":1800,\"height\":1200},{\"@type\":\"BreadcrumbList\",\"@id\":\"https:\\\/\\\/martyrsdelarevolution.com\\\/index.php\\\/adherer\\\/#breadcrumb\",\"itemListElement\":[{\"@type\":\"ListItem\",\"position\":1,\"name\":\"Accueil\",\"item\":\"https:\\\/\\\/martyrsdelarevolution.com\\\/\"},{\"@type\":\"ListItem\",\"position\":2,\"name\":\"Adh\u00e9rer\"}]},{\"@type\":\"WebSite\",\"@id\":\"https:\\\/\\\/martyrsdelarevolution.com\\\/#website\",\"url\":\"https:\\\/\\\/martyrsdelarevolution.com\\\/\",\"name\":\"Martyrs de la R\u00e9volution\",\"description\":\"\",\"potentialAction\":[{\"@type\":\"SearchAction\",\"target\":{\"@type\":\"EntryPoint\",\"urlTemplate\":\"https:\\\/\\\/martyrsdelarevolution.com\\\/?s={search_term_string}\"},\"query-input\":{\"@type\":\"PropertyValueSpecification\",\"valueRequired\":true,\"valueName\":\"search_term_string\"}}],\"inLanguage\":\"fr-FR\"}]}<\/script>\n<!-- \/ Yoast SEO plugin. -->","yoast_head_json":{"title":"Adh\u00e9rer - Martyrs de la R\u00e9volution","robots":{"index":"index","follow":"follow","max-snippet":"max-snippet:-1","max-image-preview":"max-image-preview:large","max-video-preview":"max-video-preview:-1"},"canonical":"https:\/\/martyrsdelarevolution.com\/index.php\/adherer\/","og_locale":"fr_FR","og_type":"article","og_title":"Adh\u00e9rer - Martyrs de la R\u00e9volution","og_description":"L\u2019association Martyrs de la R\u00e9volution r\u00e9gie par la Loi de 1901 a pour objet :\u2022 D\u2019honorer la m\u00e9moire des victimes de la R\u00e9volution fran\u00e7aise, quelles que soient leurs convictions, et de perp\u00e9tuer leur souvenir par des c\u00e9r\u00e9monies, des conf\u00e9rences, des publications et des actions m\u00e9morielles.\u2022 De rendre hommage aux martyrs de la foi catholique, notamment &hellip; Lire la suite de\u00ab\u00a0Adh\u00e9rer\u00a0\u00bb","og_url":"https:\/\/martyrsdelarevolution.com\/index.php\/adherer\/","og_site_name":"Martyrs de la R\u00e9volution","article_modified_time":"2025-11-19T12:33:48+00:00","og_image":[{"width":1800,"height":1200,"url":"https:\/\/martyrsdelarevolution.com\/wp-content\/uploads\/2025\/11\/asso.jpg","type":"image\/jpeg"}],"twitter_card":"summary_large_image","twitter_misc":{"Dur\u00e9e de lecture estim\u00e9e":"1 minute"},"schema":{"@context":"https:\/\/schema.org","@graph":[{"@type":"WebPage","@id":"https:\/\/martyrsdelarevolution.com\/index.php\/adherer\/","url":"https:\/\/martyrsdelarevolution.com\/index.php\/adherer\/","name":"Adh\u00e9rer - Martyrs de la R\u00e9volution","isPartOf":{"@id":"https:\/\/martyrsdelarevolution.com\/#website"},"primaryImageOfPage":{"@id":"https:\/\/martyrsdelarevolution.com\/index.php\/adherer\/#primaryimage"},"image":{"@id":"https:\/\/martyrsdelarevolution.com\/index.php\/adherer\/#primaryimage"},"thumbnailUrl":"https:\/\/martyrsdelarevolution.com\/wp-content\/uploads\/2025\/11\/asso.jpg","datePublished":"2025-11-11T10:35:59+00:00","dateModified":"2025-11-19T12:33:48+00:00","breadcrumb":{"@id":"https:\/\/martyrsdelarevolution.com\/index.php\/adherer\/#breadcrumb"},"inLanguage":"fr-FR","potentialAction":[{"@type":"ReadAction","target":["https:\/\/martyrsdelarevolution.com\/index.php\/adherer\/"]}]},{"@type":"ImageObject","inLanguage":"fr-FR","@id":"https:\/\/martyrsdelarevolution.com\/index.php\/adherer\/#primaryimage","url":"https:\/\/martyrsdelarevolution.com\/wp-content\/uploads\/2025\/11\/asso.jpg","contentUrl":"https:\/\/martyrsdelarevolution.com\/wp-content\/uploads\/2025\/11\/asso.jpg","width":1800,"height":1200},{"@type":"BreadcrumbList","@id":"https:\/\/martyrsdelarevolution.com\/index.php\/adherer\/#breadcrumb","itemListElement":[{"@type":"ListItem","position":1,"name":"Accueil","item":"https:\/\/martyrsdelarevolution.com\/"},{"@type":"ListItem","position":2,"name":"Adh\u00e9rer"}]},{"@type":"WebSite","@id":"https:\/\/martyrsdelarevolution.com\/#website","url":"https:\/\/martyrsdelarevolution.com\/","name":"Martyrs de la R\u00e9volution","description":"","potentialAction":[{"@type":"SearchAction","target":{"@type":"EntryPoint","urlTemplate":"https:\/\/martyrsdelarevolution.com\/?s={search_term_string}"},"query-input":{"@type":"PropertyValueSpecification","valueRequired":true,"valueName":"search_term_string"}}],"inLanguage":"fr-FR"}]}},"_links":{"self":[{"href":"https:\/\/martyrsdelarevolution.com\/index.php\/wp-json\/wp\/v2\/pages\/516","targetHints":{"allow":["GET"]}}],"collection":[{"href":"https:\/\/martyrsdelarevolution.com\/index.php\/wp-json\/wp\/v2\/pages"}],"about":[{"href":"https:\/\/martyrsdelarevolution.com\/index.php\/wp-json\/wp\/v2\/types\/page"}],"author":[{"embeddable":true,"href":"https:\/\/martyrsdelarevolution.com\/index.php\/wp-json\/wp\/v2\/users\/1"}],"replies":[{"embeddable":true,"href":"https:\/\/martyrsdelarevolution.com\/index.php\/wp-json\/wp\/v2\/comments?post=516"}],"version-history":[{"count":30,"href":"https:\/\/martyrsdelarevolution.com\/index.php\/wp-json\/wp\/v2\/pages\/516\/revisions"}],"predecessor-version":[{"id":548,"href":"https:\/\/martyrsdelarevolution.com\/index.php\/wp-json\/wp\/v2\/pages\/516\/revisions\/548"}],"wp:featuredmedia":[{"embeddable":true,"href":"https:\/\/martyrsdelarevolution.com\/index.php\/wp-json\/wp\/v2\/media\/551"}],"wp:attachment":[{"href":"https:\/\/martyrsdelarevolution.com\/index.php\/wp-json\/wp\/v2\/media?parent=516"}],"curies":[{"name":"wp","href":"https:\/\/api.w.org\/{rel}","templated":true}]}}